{"id":26195,"date":"2020-04-20T13:45:52","date_gmt":"2020-04-20T12:45:52","guid":{"rendered":"https:\/\/abilica.com\/se\/?post_type=product&#038;p=26195"},"modified":"2023-10-26T13:45:40","modified_gmt":"2023-10-26T12:45:40","slug":"abilica-yogaset","status":"publish","type":"product","link":"https:\/\/abilica.com\/sv\/yoga-2\/yogatillbehor\/abilica-yogaset\/","title":{"rendered":"Abilica YogaSet"},"content":{"rendered":"<div class=\"wpb-content-wrapper\"><p>[vc_row][vc_column][vc_column_text]Paket med yogablock och yogarem. Enkla hj\u00e4lpmedel som ut\u00f6kar din r\u00e4ckvidd i yoga\u00f6vningarna och ger st\u00f6rre utbyte av yogatr\u00e4ningen. Produkterna hj\u00e4lper dig att n\u00e5 sv\u00e5ra st\u00e4llningar och att h\u00e5lla kvar r\u00e4tt position. Satsen best\u00e5r av ett yogablock och en yogarem. Blocket \u00e4r 22.5 x 15 x 7.5 cm och v\u00e4ger endast 90 gram. Blocket har avrundade h\u00f6rn f\u00f6r ett behagligare grepp. Yogaremmen \u00e4r 4 x 180 cm l\u00e5ng och tillverkad av v\u00e4vd bomull med solitt metallsp\u00e4nne. Remmen fungerar som en f\u00f6rl\u00e4ngning av armar eller ben f\u00f6r att beh\u00e4rska \u00e4ven de mest kr\u00e4vande st\u00e4llningar, och \u00e4r ett bra hj\u00e4lpmedel vid stretching och t\u00f6jning.[\/vc_column_text][vc_empty_space height=&#8221;52px&#8221;][\/vc_column][\/vc_row][vc_row][vc_column width=&#8221;1\/2&#8243;][vc_btn title=&#8221;Tr\u00e4ningsprogram&#8221; style=&#8221;flat&#8221; color=&#8221;black&#8221; align=&#8221;center&#8221; link=&#8221;url:https%3A%2F%2Fabilica.com%2Fse%2Ftraningsprogram%2Ftraningsprogram-till-abilica-yogaset%2F||target:%20_blank|&#8221;][\/vc_column][vc_column width=&#8221;1\/2&#8243;][vc_btn title=&#8221;Tr\u00e4ningstips&#8221; style=&#8221;flat&#8221; color=&#8221;black&#8221; align=&#8221;center&#8221; link=&#8221;url:http%3A%2F%2Fwww.hemmatraningsbloggen.se%2Fyoga%2Fvarva-ner-med-yoga%2F||target:%20_blank|&#8221;][\/vc_column][\/vc_row]<\/p>\n<\/div>","protected":false},"excerpt":{"rendered":"<p>[vc_row][vc_column][vc_column_text]Paket med yogablock och yogarem. Enkla hj\u00e4lpmedel som ut\u00f6kar din r\u00e4ckvidd i yoga\u00f6vningarna och ger&#8230;<\/p>\n","protected":false},"featured_media":26196,"template":"","meta":{"_acf_changed":false},"product_brand":[],"product_cat":[436,491],"product_tag":[],"class_list":{"0":"post-26195","1":"product","2":"type-product","3":"status-publish","4":"has-post-thumbnail","6":"product_cat-yoga","7":"product_cat-yogatillbehor","9":"first","10":"instock","11":"product-type-simple"},"acf":[],"yoast_head":"<!-- This site is optimized with the Yoast SEO Premium plugin v21.1 (Yoast SEO v25.4) - https:\/\/yoast.com\/wordpress\/plugins\/seo\/ -->\n<title>Abilica YogaSet Abilica<\/title>\n<meta name=\"robots\" content=\"index, follow, max-snippet:-1, max-image-preview:large, max-video-preview:-1\" \/>\n<link rel=\"canonical\" href=\"https:\/\/abilica.com\/sv\/yoga-2\/yogatillbehor\/abilica-yogaset\/\" \/>\n<meta property=\"og:locale\" content=\"sv_SE\" \/>\n<meta property=\"og:type\" content=\"article\" \/>\n<meta property=\"og:title\" content=\"Abilica YogaSet\" \/>\n<meta property=\"og:description\" content=\"[vc_row][vc_column][vc_column_text]Paket med yogablock och yogarem. Enkla hj\u00e4lpmedel som ut\u00f6kar din r\u00e4ckvidd i yoga\u00f6vningarna och ger...\" \/>\n<meta property=\"og:url\" content=\"https:\/\/abilica.com\/sv\/yoga-2\/yogatillbehor\/abilica-yogaset\/\" \/>\n<meta property=\"og:site_name\" content=\"Abilica\" \/>\n<meta property=\"article:publisher\" content=\"https:\/\/www.facebook.com\/abilicahometraining\/\" \/>\n<meta property=\"article:modified_time\" content=\"2023-10-26T12:45:40+00:00\" \/>\n<meta property=\"og:image\" content=\"https:\/\/abilica.com\/wp-content\/uploads\/2020\/04\/373364.jpg\" \/>\n\t<meta property=\"og:image:width\" content=\"1200\" \/>\n\t<meta property=\"og:image:height\" content=\"1200\" \/>\n\t<meta property=\"og:image:type\" content=\"image\/jpeg\" \/>\n<meta name=\"twitter:card\" content=\"summary_large_image\" \/>\n<meta name=\"twitter:label1\" content=\"Ber\u00e4knad l\u00e4stid\" \/>\n\t<meta name=\"twitter:data1\" content=\"1 minut\" \/>\n<script type=\"application\/ld+json\" class=\"yoast-schema-graph\">{\"@context\":\"https:\/\/schema.org\",\"@graph\":[{\"@type\":\"WebPage\",\"@id\":\"https:\/\/abilica.com\/sv\/yoga-2\/yogatillbehor\/abilica-yogaset\/\",\"url\":\"https:\/\/abilica.com\/sv\/yoga-2\/yogatillbehor\/abilica-yogaset\/\",\"name\":\"Abilica YogaSet Abilica\",\"isPartOf\":{\"@id\":\"https:\/\/abilica.com\/#website\"},\"primaryImageOfPage\":{\"@id\":\"https:\/\/abilica.com\/sv\/yoga-2\/yogatillbehor\/abilica-yogaset\/#primaryimage\"},\"image\":{\"@id\":\"https:\/\/abilica.com\/sv\/yoga-2\/yogatillbehor\/abilica-yogaset\/#primaryimage\"},\"thumbnailUrl\":\"https:\/\/abilica.com\/wp-content\/uploads\/2020\/04\/373364.jpg\",\"datePublished\":\"2020-04-20T12:45:52+00:00\",\"dateModified\":\"2023-10-26T12:45:40+00:00\",\"breadcrumb\":{\"@id\":\"https:\/\/abilica.com\/sv\/yoga-2\/yogatillbehor\/abilica-yogaset\/#breadcrumb\"},\"inLanguage\":\"sv-SE\",\"potentialAction\":[{\"@type\":\"ReadAction\",\"target\":[\"https:\/\/abilica.com\/sv\/yoga-2\/yogatillbehor\/abilica-yogaset\/\"]}]},{\"@type\":\"ImageObject\",\"inLanguage\":\"sv-SE\",\"@id\":\"https:\/\/abilica.com\/sv\/yoga-2\/yogatillbehor\/abilica-yogaset\/#primaryimage\",\"url\":\"https:\/\/abilica.com\/wp-content\/uploads\/2020\/04\/373364.jpg\",\"contentUrl\":\"https:\/\/abilica.com\/wp-content\/uploads\/2020\/04\/373364.jpg\",\"width\":1200,\"height\":1200},{\"@type\":\"BreadcrumbList\",\"@id\":\"https:\/\/abilica.com\/sv\/yoga-2\/yogatillbehor\/abilica-yogaset\/#breadcrumb\",\"itemListElement\":[{\"@type\":\"ListItem\",\"position\":1,\"name\":\"Hem\",\"item\":\"https:\/\/abilica.com\/sv\/\"},{\"@type\":\"ListItem\",\"position\":2,\"name\":\"Produkter\",\"item\":\"https:\/\/abilica.com\/sv\/shop\/\"},{\"@type\":\"ListItem\",\"position\":3,\"name\":\"Abilica YogaSet\"}]},{\"@type\":\"WebSite\",\"@id\":\"https:\/\/abilica.com\/#website\",\"url\":\"https:\/\/abilica.com\/\",\"name\":\"Abilica\",\"description\":\"Abilica Home Training\",\"potentialAction\":[{\"@type\":\"SearchAction\",\"target\":{\"@type\":\"EntryPoint\",\"urlTemplate\":\"https:\/\/abilica.com\/?s={search_term_string}\"},\"query-input\":{\"@type\":\"PropertyValueSpecification\",\"valueRequired\":true,\"valueName\":\"search_term_string\"}}],\"inLanguage\":\"sv-SE\"}]}<\/script>\n<!-- \/ Yoast SEO Premium plugin. -->","yoast_head_json":{"title":"Abilica YogaSet Abilica","robots":{"index":"index","follow":"follow","max-snippet":"max-snippet:-1","max-image-preview":"max-image-preview:large","max-video-preview":"max-video-preview:-1"},"canonical":"https:\/\/abilica.com\/sv\/yoga-2\/yogatillbehor\/abilica-yogaset\/","og_locale":"sv_SE","og_type":"article","og_title":"Abilica YogaSet","og_description":"[vc_row][vc_column][vc_column_text]Paket med yogablock och yogarem. Enkla hj\u00e4lpmedel som ut\u00f6kar din r\u00e4ckvidd i yoga\u00f6vningarna och ger...","og_url":"https:\/\/abilica.com\/sv\/yoga-2\/yogatillbehor\/abilica-yogaset\/","og_site_name":"Abilica","article_publisher":"https:\/\/www.facebook.com\/abilicahometraining\/","article_modified_time":"2023-10-26T12:45:40+00:00","og_image":[{"width":1200,"height":1200,"url":"https:\/\/abilica.com\/wp-content\/uploads\/2020\/04\/373364.jpg","type":"image\/jpeg"}],"twitter_card":"summary_large_image","twitter_misc":{"Ber\u00e4knad l\u00e4stid":"1 minut"},"schema":{"@context":"https:\/\/schema.org","@graph":[{"@type":"WebPage","@id":"https:\/\/abilica.com\/sv\/yoga-2\/yogatillbehor\/abilica-yogaset\/","url":"https:\/\/abilica.com\/sv\/yoga-2\/yogatillbehor\/abilica-yogaset\/","name":"Abilica YogaSet Abilica","isPartOf":{"@id":"https:\/\/abilica.com\/#website"},"primaryImageOfPage":{"@id":"https:\/\/abilica.com\/sv\/yoga-2\/yogatillbehor\/abilica-yogaset\/#primaryimage"},"image":{"@id":"https:\/\/abilica.com\/sv\/yoga-2\/yogatillbehor\/abilica-yogaset\/#primaryimage"},"thumbnailUrl":"https:\/\/abilica.com\/wp-content\/uploads\/2020\/04\/373364.jpg","datePublished":"2020-04-20T12:45:52+00:00","dateModified":"2023-10-26T12:45:40+00:00","breadcrumb":{"@id":"https:\/\/abilica.com\/sv\/yoga-2\/yogatillbehor\/abilica-yogaset\/#breadcrumb"},"inLanguage":"sv-SE","potentialAction":[{"@type":"ReadAction","target":["https:\/\/abilica.com\/sv\/yoga-2\/yogatillbehor\/abilica-yogaset\/"]}]},{"@type":"ImageObject","inLanguage":"sv-SE","@id":"https:\/\/abilica.com\/sv\/yoga-2\/yogatillbehor\/abilica-yogaset\/#primaryimage","url":"https:\/\/abilica.com\/wp-content\/uploads\/2020\/04\/373364.jpg","contentUrl":"https:\/\/abilica.com\/wp-content\/uploads\/2020\/04\/373364.jpg","width":1200,"height":1200},{"@type":"BreadcrumbList","@id":"https:\/\/abilica.com\/sv\/yoga-2\/yogatillbehor\/abilica-yogaset\/#breadcrumb","itemListElement":[{"@type":"ListItem","position":1,"name":"Hem","item":"https:\/\/abilica.com\/sv\/"},{"@type":"ListItem","position":2,"name":"Produkter","item":"https:\/\/abilica.com\/sv\/shop\/"},{"@type":"ListItem","position":3,"name":"Abilica YogaSet"}]},{"@type":"WebSite","@id":"https:\/\/abilica.com\/#website","url":"https:\/\/abilica.com\/","name":"Abilica","description":"Abilica Home Training","potentialAction":[{"@type":"SearchAction","target":{"@type":"EntryPoint","urlTemplate":"https:\/\/abilica.com\/?s={search_term_string}"},"query-input":{"@type":"PropertyValueSpecification","valueRequired":true,"valueName":"search_term_string"}}],"inLanguage":"sv-SE"}]}},"_links":{"self":[{"href":"https:\/\/abilica.com\/sv\/wp-json\/wp\/v2\/product\/26195","targetHints":{"allow":["GET"]}}],"collection":[{"href":"https:\/\/abilica.com\/sv\/wp-json\/wp\/v2\/product"}],"about":[{"href":"https:\/\/abilica.com\/sv\/wp-json\/wp\/v2\/types\/product"}],"wp:featuredmedia":[{"embeddable":true,"href":"https:\/\/abilica.com\/sv\/wp-json\/wp\/v2\/media\/26196"}],"wp:attachment":[{"href":"https:\/\/abilica.com\/sv\/wp-json\/wp\/v2\/media?parent=26195"}],"wp:term":[{"taxonomy":"product_brand","embeddable":true,"href":"https:\/\/abilica.com\/sv\/wp-json\/wp\/v2\/product_brand?post=26195"},{"taxonomy":"product_cat","embeddable":true,"href":"https:\/\/abilica.com\/sv\/wp-json\/wp\/v2\/product_cat?post=26195"},{"taxonomy":"product_tag","embeddable":true,"href":"https:\/\/abilica.com\/sv\/wp-json\/wp\/v2\/product_tag?post=26195"}],"curies":[{"name":"wp","href":"https:\/\/api.w.org\/{rel}","templated":true}]}}

<div class="wpb-content-wrapper"><p>[vc_row][vc_column][vc_column_text]Paket med yogablock och yogarem. Enkla hjälpmedel som utökar din räckvidd i yogaövningarna och ger större utbyte av yogaträningen. Produkterna hjälper dig att nå svåra ställningar och att hålla kvar rätt position. Satsen består av ett yogablock och en yogarem. Blocket är 22.5 x 15 x 7.5 cm och väger endast 90 gram. Blocket har avrundade hörn för ett behagligare grepp. Yogaremmen är 4 x 180 cm lång och tillverkad av vävd bomull med solitt metallspänne. Remmen fungerar som en förlängning av armar eller ben för att behärska även de mest krävande ställningar, och är ett bra hjälpmedel vid stretching och töjning.[/vc_column_text][vc_empty_space height=&#8221;52px&#8221;][/vc_column][/vc_row][vc_row][vc_column width=&#8221;1/2&#8243;][vc_btn title=&#8221;Träningsprogram&#8221; style=&#8221;flat&#8221; color=&#8221;black&#8221; align=&#8221;center&#8221; link=&#8221;url:https%3A%2F%2Fabilica.com%2Fse%2Ftraningsprogram%2Ftraningsprogram-till-abilica-yogaset%2F||target:%20_blank|&#8221;][/vc_column][vc_column width=&#8221;1/2&#8243;][vc_btn title=&#8221;Träningstips&#8221; style=&#8221;flat&#8221; color=&#8221;black&#8221; align=&#8221;center&#8221; link=&#8221;url:http%3A%2F%2Fwww.hemmatraningsbloggen.se%2Fyoga%2Fvarva-ner-med-yoga%2F||target:%20_blank|&#8221;][/vc_column][/vc_row]</p>
</div>

<p>[vc_row][vc_column][vc_column_text]Paket med yogablock och yogarem. Enkla hjälpmedel som utökar din räckvidd i yogaövningarna och ger&#8230;</p>

<!-- This site is optimized with the Yoast SEO Premium plugin v21.1 (Yoast SEO v25.4) - https://yoast.com/wordpress/plugins/seo/ -->
<title>Abilica YogaSet Abilica</title>
<meta name="robots" content="index, follow, max-snippet:-1, max-image-preview:large, max-video-preview:-1" />
<link rel="canonical" href="https://abilica.com/sv/yoga-2/yogatillbehor/abilica-yogaset/" />
<meta property="og:locale" content="sv_SE" />
<meta property="og:type" content="article" />
<meta property="og:title" content="Abilica YogaSet" />
<meta property="og:description" content="[vc_row][vc_column][vc_column_text]Paket med yogablock och yogarem. Enkla hjälpmedel som utökar din räckvidd i yogaövningarna och ger..." />
<meta property="og:url" content="https://abilica.com/sv/yoga-2/yogatillbehor/abilica-yogaset/" />
<meta property="og:site_name" content="Abilica" />
<meta property="article:publisher" content="https://www.facebook.com/abilicahometraining/" />
<meta property="article:modified_time" content="2023-10-26T12:45:40+00:00" />
<meta property="og:image" content="https://abilica.com/wp-content/uploads/2020/04/373364.jpg" />
	<meta property="og:image:width" content="1200" />
	<meta property="og:image:height" content="1200" />
	<meta property="og:image:type" content="image/jpeg" />
<meta name="twitter:card" content="summary_large_image" />
<meta name="twitter:label1" content="Beräknad lästid" />
	<meta name="twitter:data1" content="1 minut" />
<script type="application/ld+json" class="yoast-schema-graph">{"@context":"https://schema.org","@graph":[{"@type":"WebPage","@id":"https://abilica.com/sv/yoga-2/yogatillbehor/abilica-yogaset/","url":"https://abilica.com/sv/yoga-2/yogatillbehor/abilica-yogaset/","name":"Abilica YogaSet Abilica","isPartOf":{"@id":"https://abilica.com/#website"},"primaryImageOfPage":{"@id":"https://abilica.com/sv/yoga-2/yogatillbehor/abilica-yogaset/#primaryimage"},"image":{"@id":"https://abilica.com/sv/yoga-2/yogatillbehor/abilica-yogaset/#primaryimage"},"thumbnailUrl":"https://abilica.com/wp-content/uploads/2020/04/373364.jpg","datePublished":"2020-04-20T12:45:52+00:00","dateModified":"2023-10-26T12:45:40+00:00","breadcrumb":{"@id":"https://abilica.com/sv/yoga-2/yogatillbehor/abilica-yogaset/#breadcrumb"},"inLanguage":"sv-SE","potentialAction":[{"@type":"ReadAction","target":["https://abilica.com/sv/yoga-2/yogatillbehor/abilica-yogaset/"]}]},{"@type":"ImageObject","inLanguage":"sv-SE","@id":"https://abilica.com/sv/yoga-2/yogatillbehor/abilica-yogaset/#primaryimage","url":"https://abilica.com/wp-content/uploads/2020/04/373364.jpg","contentUrl":"https://abilica.com/wp-content/uploads/2020/04/373364.jpg","width":1200,"height":1200},{"@type":"BreadcrumbList","@id":"https://abilica.com/sv/yoga-2/yogatillbehor/abilica-yogaset/#breadcrumb","itemListElement":[{"@type":"ListItem","position":1,"name":"Hem","item":"https://abilica.com/sv/"},{"@type":"ListItem","position":2,"name":"Produkter","item":"https://abilica.com/sv/shop/"},{"@type":"ListItem","position":3,"name":"Abilica YogaSet"}]},{"@type":"WebSite","@id":"https://abilica.com/#website","url":"https://abilica.com/","name":"Abilica","description":"Abilica Home Training","potentialAction":[{"@type":"SearchAction","target":{"@type":"EntryPoint","urlTemplate":"https://abilica.com/?s={search_term_string}"},"query-input":{"@type":"PropertyValueSpecification","valueRequired":true,"valueName":"search_term_string"}}],"inLanguage":"sv-SE"}]}</script>
<!-- / Yoast SEO Premium plugin. -->

[vc_row][vc_column][vc_column_text]Paket med yogablock och yogarem. Enkla hjälpmedel som utökar din räckvidd i yogaövningarna och ger...
