{"id":68370,"date":"2025-03-17T15:07:08","date_gmt":"2025-03-17T14:07:08","guid":{"rendered":"https:\/\/abilica.com\/?post_type=product&#038;p=68370"},"modified":"2025-10-23T11:07:14","modified_gmt":"2025-10-23T10:07:14","slug":"abilica-waterdeck","status":"publish","type":"product","link":"https:\/\/abilica.com\/sv\/kondition\/airtracks-2\/abilica-waterdeck\/","title":{"rendered":"Abilica WaterDeck"},"content":{"rendered":"<div class=\"wpb-content-wrapper\"><p>[vc_row][vc_column][vc_column_text el_class=&#8221;product-video&#8221;]<strong>Med Abilica WaterDeck kan du njuta av sommaren fr\u00e5n din alldeles egna privata flytbrygga!<\/strong><\/p>\n<p>Abilica WaterDeck \u00e4r en badplattform och flytbrygga fylld med luft f\u00f6r aktiviteter och n\u00f6jen i vattnet. H\u00e4r f\u00e5r du din alldeles egna privata flytbrygga utan bygglov!<br \/>\nDen \u00e4r 2 meter l\u00e5ng och 1,5 meter bred, vilket ger gott om plats f\u00f6r solbad och aktivitet f\u00f6r flera personer.<\/p>\n<p>Abilica WaterDeck \u00e4r tillverkad av massivt DWF-material (Double Wall Fabric) och f\u00f6rst\u00e4rkt i alla skarvar. Plattformen har 4 gummihandtag placerade p\u00e5 sidan, vilket g\u00f6r den l\u00e4tt att flytta runt p\u00e5 land och h\u00e5lla fast i n\u00e4r man \u00e4r i vattnet. 4 handtag placerade p\u00e5 ytan g\u00f6r att du kan dra dig upp ur vattnet n\u00e4r du kliver upp p\u00e5 plattformen. Den \u00e4r ocks\u00e5 utformad med 4 metallringar, en i varje h\u00f6rn f\u00f6r att f\u00e4sta rep, till exempel med ett ankare eller andra flytande\/vattensportprodukter.<br \/>\nAbilica WaterDeck fylls med luft p\u00e5 n\u00e5gra minuter med den elektriska pumpen. Lite mer anstr\u00e4ngning kr\u00e4vs med Abilica FootPump.<br \/>\nPumpen s\u00e4ljs separat. Reparationssats ing\u00e5r.<\/p>\n<p><strong>Specifikationer<\/strong><br \/>\nM\u00e5tt: 2 x 1,5 m (L x B) 15 cm (H)<br \/>\nHandtag: 4 + 4 (sida och yta)<br \/>\nMetallringar: 4<br \/>\nMaterial: DWF (dubbelv\u00e4ggigt tyg)<br \/>\nVentil: Bravo AirTrack\/SUP-ventil<br \/>\nFylld med luft<br \/>\nReparationssats ing\u00e5r<br \/>\nProduktvikt: ca 10 kg.<br \/>\nMax anv\u00e4ndarvikt 225 kg<\/p>\n<div style=\"width: 640px;\" class=\"wp-video\"><!--[if lt IE 9]><script>document.createElement('video');<\/script><![endif]-->\n<video class=\"wp-video-shortcode\" id=\"video-68370-1\" width=\"640\" height=\"360\" preload=\"metadata\" controls=\"controls\"><source type=\"video\/mp4\" src=\"https:\/\/abilica.com\/wp-content\/uploads\/2025\/03\/Abilica-WaterDeck-bredde-1.mp4?_=1\" \/><a href=\"https:\/\/abilica.com\/wp-content\/uploads\/2025\/03\/Abilica-WaterDeck-bredde-1.mp4\">https:\/\/abilica.com\/wp-content\/uploads\/2025\/03\/Abilica-WaterDeck-bredde-1.mp4<\/a><\/video><\/div>\n<p>[\/vc_column_text][\/vc_column][\/vc_row][vc_row][vc_column][vc_column_text]<\/p>\n<p>[\/vc_column_text][\/vc_column][\/vc_row][vc_row][vc_column][vc_column_text]<\/p>\n<p>[\/vc_column_text][\/vc_column][\/vc_row][vc_row][vc_column][vc_column_text]<\/p>\n<p>[\/vc_column_text][\/vc_column][\/vc_row][vc_row][vc_column][vc_empty_space][\/vc_column][\/vc_row]<\/p>\n<\/div>","protected":false},"excerpt":{"rendered":"<p>[vc_row][vc_column][vc_column_text el_class=&#8221;product-video&#8221;]Med Abilica WaterDeck kan du njuta av sommaren fr\u00e5n din alldeles egna privata flytbrygga!&#8230;<\/p>\n","protected":false},"featured_media":68330,"template":"","meta":{"_acf_changed":false},"product_brand":[],"product_cat":[517,475,493],"product_tag":[],"class_list":{"0":"post-68370","1":"product","2":"type-product","3":"status-publish","4":"has-post-thumbnail","6":"product_cat-airtracks-2","7":"product_cat-kondition","8":"product_cat-mattor","10":"first","11":"outofstock","12":"product-type-simple"},"acf":[],"yoast_head":"<!-- This site is optimized with the Yoast SEO Premium plugin v21.1 (Yoast SEO v25.4) - https:\/\/yoast.com\/wordpress\/plugins\/seo\/ -->\n<title>Abilica WaterDeck Abilica<\/title>\n<meta name=\"robots\" content=\"index, follow, max-snippet:-1, max-image-preview:large, max-video-preview:-1\" \/>\n<link rel=\"canonical\" href=\"https:\/\/abilica.com\/sv\/kondition\/airtracks-2\/abilica-waterdeck\/\" \/>\n<meta property=\"og:locale\" content=\"sv_SE\" \/>\n<meta property=\"og:type\" content=\"article\" \/>\n<meta property=\"og:title\" content=\"Abilica WaterDeck\" \/>\n<meta property=\"og:description\" content=\"[vc_row][vc_column][vc_column_text el_class=&#8221;product-video&#8221;]Med Abilica WaterDeck kan du njuta av sommaren fr\u00e5n din alldeles egna privata flytbrygga!...\" \/>\n<meta property=\"og:url\" content=\"https:\/\/abilica.com\/sv\/kondition\/airtracks-2\/abilica-waterdeck\/\" \/>\n<meta property=\"og:site_name\" content=\"Abilica\" \/>\n<meta property=\"article:publisher\" content=\"https:\/\/www.facebook.com\/abilicahometraining\/\" \/>\n<meta property=\"article:modified_time\" content=\"2025-10-23T10:07:14+00:00\" \/>\n<meta property=\"og:image\" content=\"https:\/\/abilica.com\/wp-content\/uploads\/2025\/03\/374869.jpg\" \/>\n\t<meta property=\"og:image:width\" content=\"1200\" \/>\n\t<meta property=\"og:image:height\" content=\"1200\" \/>\n\t<meta property=\"og:image:type\" content=\"image\/jpeg\" \/>\n<meta name=\"twitter:card\" content=\"summary_large_image\" \/>\n<meta name=\"twitter:label1\" content=\"Ber\u00e4knad l\u00e4stid\" \/>\n\t<meta name=\"twitter:data1\" content=\"2 minuter\" \/>\n<script type=\"application\/ld+json\" class=\"yoast-schema-graph\">{\"@context\":\"https:\/\/schema.org\",\"@graph\":[{\"@type\":\"WebPage\",\"@id\":\"https:\/\/abilica.com\/sv\/kondition\/airtracks-2\/abilica-waterdeck\/\",\"url\":\"https:\/\/abilica.com\/sv\/kondition\/airtracks-2\/abilica-waterdeck\/\",\"name\":\"Abilica WaterDeck Abilica\",\"isPartOf\":{\"@id\":\"https:\/\/abilica.com\/#website\"},\"primaryImageOfPage\":{\"@id\":\"https:\/\/abilica.com\/sv\/kondition\/airtracks-2\/abilica-waterdeck\/#primaryimage\"},\"image\":{\"@id\":\"https:\/\/abilica.com\/sv\/kondition\/airtracks-2\/abilica-waterdeck\/#primaryimage\"},\"thumbnailUrl\":\"https:\/\/abilica.com\/wp-content\/uploads\/2025\/03\/374869.jpg\",\"datePublished\":\"2025-03-17T14:07:08+00:00\",\"dateModified\":\"2025-10-23T10:07:14+00:00\",\"breadcrumb\":{\"@id\":\"https:\/\/abilica.com\/sv\/kondition\/airtracks-2\/abilica-waterdeck\/#breadcrumb\"},\"inLanguage\":\"sv-SE\",\"potentialAction\":[{\"@type\":\"ReadAction\",\"target\":[\"https:\/\/abilica.com\/sv\/kondition\/airtracks-2\/abilica-waterdeck\/\"]}]},{\"@type\":\"ImageObject\",\"inLanguage\":\"sv-SE\",\"@id\":\"https:\/\/abilica.com\/sv\/kondition\/airtracks-2\/abilica-waterdeck\/#primaryimage\",\"url\":\"https:\/\/abilica.com\/wp-content\/uploads\/2025\/03\/374869.jpg\",\"contentUrl\":\"https:\/\/abilica.com\/wp-content\/uploads\/2025\/03\/374869.jpg\",\"width\":1200,\"height\":1200},{\"@type\":\"BreadcrumbList\",\"@id\":\"https:\/\/abilica.com\/sv\/kondition\/airtracks-2\/abilica-waterdeck\/#breadcrumb\",\"itemListElement\":[{\"@type\":\"ListItem\",\"position\":1,\"name\":\"Hem\",\"item\":\"https:\/\/abilica.com\/sv\/\"},{\"@type\":\"ListItem\",\"position\":2,\"name\":\"Produkter\",\"item\":\"https:\/\/abilica.com\/sv\/shop\/\"},{\"@type\":\"ListItem\",\"position\":3,\"name\":\"Abilica WaterDeck\"}]},{\"@type\":\"WebSite\",\"@id\":\"https:\/\/abilica.com\/#website\",\"url\":\"https:\/\/abilica.com\/\",\"name\":\"Abilica\",\"description\":\"Abilica Home Training\",\"potentialAction\":[{\"@type\":\"SearchAction\",\"target\":{\"@type\":\"EntryPoint\",\"urlTemplate\":\"https:\/\/abilica.com\/?s={search_term_string}\"},\"query-input\":{\"@type\":\"PropertyValueSpecification\",\"valueRequired\":true,\"valueName\":\"search_term_string\"}}],\"inLanguage\":\"sv-SE\"}]}<\/script>\n<!-- \/ Yoast SEO Premium plugin. -->","yoast_head_json":{"title":"Abilica WaterDeck Abilica","robots":{"index":"index","follow":"follow","max-snippet":"max-snippet:-1","max-image-preview":"max-image-preview:large","max-video-preview":"max-video-preview:-1"},"canonical":"https:\/\/abilica.com\/sv\/kondition\/airtracks-2\/abilica-waterdeck\/","og_locale":"sv_SE","og_type":"article","og_title":"Abilica WaterDeck","og_description":"[vc_row][vc_column][vc_column_text el_class=&#8221;product-video&#8221;]Med Abilica WaterDeck kan du njuta av sommaren fr\u00e5n din alldeles egna privata flytbrygga!...","og_url":"https:\/\/abilica.com\/sv\/kondition\/airtracks-2\/abilica-waterdeck\/","og_site_name":"Abilica","article_publisher":"https:\/\/www.facebook.com\/abilicahometraining\/","article_modified_time":"2025-10-23T10:07:14+00:00","og_image":[{"width":1200,"height":1200,"url":"https:\/\/abilica.com\/wp-content\/uploads\/2025\/03\/374869.jpg","type":"image\/jpeg"}],"twitter_card":"summary_large_image","twitter_misc":{"Ber\u00e4knad l\u00e4stid":"2 minuter"},"schema":{"@context":"https:\/\/schema.org","@graph":[{"@type":"WebPage","@id":"https:\/\/abilica.com\/sv\/kondition\/airtracks-2\/abilica-waterdeck\/","url":"https:\/\/abilica.com\/sv\/kondition\/airtracks-2\/abilica-waterdeck\/","name":"Abilica WaterDeck Abilica","isPartOf":{"@id":"https:\/\/abilica.com\/#website"},"primaryImageOfPage":{"@id":"https:\/\/abilica.com\/sv\/kondition\/airtracks-2\/abilica-waterdeck\/#primaryimage"},"image":{"@id":"https:\/\/abilica.com\/sv\/kondition\/airtracks-2\/abilica-waterdeck\/#primaryimage"},"thumbnailUrl":"https:\/\/abilica.com\/wp-content\/uploads\/2025\/03\/374869.jpg","datePublished":"2025-03-17T14:07:08+00:00","dateModified":"2025-10-23T10:07:14+00:00","breadcrumb":{"@id":"https:\/\/abilica.com\/sv\/kondition\/airtracks-2\/abilica-waterdeck\/#breadcrumb"},"inLanguage":"sv-SE","potentialAction":[{"@type":"ReadAction","target":["https:\/\/abilica.com\/sv\/kondition\/airtracks-2\/abilica-waterdeck\/"]}]},{"@type":"ImageObject","inLanguage":"sv-SE","@id":"https:\/\/abilica.com\/sv\/kondition\/airtracks-2\/abilica-waterdeck\/#primaryimage","url":"https:\/\/abilica.com\/wp-content\/uploads\/2025\/03\/374869.jpg","contentUrl":"https:\/\/abilica.com\/wp-content\/uploads\/2025\/03\/374869.jpg","width":1200,"height":1200},{"@type":"BreadcrumbList","@id":"https:\/\/abilica.com\/sv\/kondition\/airtracks-2\/abilica-waterdeck\/#breadcrumb","itemListElement":[{"@type":"ListItem","position":1,"name":"Hem","item":"https:\/\/abilica.com\/sv\/"},{"@type":"ListItem","position":2,"name":"Produkter","item":"https:\/\/abilica.com\/sv\/shop\/"},{"@type":"ListItem","position":3,"name":"Abilica WaterDeck"}]},{"@type":"WebSite","@id":"https:\/\/abilica.com\/#website","url":"https:\/\/abilica.com\/","name":"Abilica","description":"Abilica Home Training","potentialAction":[{"@type":"SearchAction","target":{"@type":"EntryPoint","urlTemplate":"https:\/\/abilica.com\/?s={search_term_string}"},"query-input":{"@type":"PropertyValueSpecification","valueRequired":true,"valueName":"search_term_string"}}],"inLanguage":"sv-SE"}]}},"_links":{"self":[{"href":"https:\/\/abilica.com\/sv\/wp-json\/wp\/v2\/product\/68370","targetHints":{"allow":["GET"]}}],"collection":[{"href":"https:\/\/abilica.com\/sv\/wp-json\/wp\/v2\/product"}],"about":[{"href":"https:\/\/abilica.com\/sv\/wp-json\/wp\/v2\/types\/product"}],"wp:featuredmedia":[{"embeddable":true,"href":"https:\/\/abilica.com\/sv\/wp-json\/wp\/v2\/media\/68330"}],"wp:attachment":[{"href":"https:\/\/abilica.com\/sv\/wp-json\/wp\/v2\/media?parent=68370"}],"wp:term":[{"taxonomy":"product_brand","embeddable":true,"href":"https:\/\/abilica.com\/sv\/wp-json\/wp\/v2\/product_brand?post=68370"},{"taxonomy":"product_cat","embeddable":true,"href":"https:\/\/abilica.com\/sv\/wp-json\/wp\/v2\/product_cat?post=68370"},{"taxonomy":"product_tag","embeddable":true,"href":"https:\/\/abilica.com\/sv\/wp-json\/wp\/v2\/product_tag?post=68370"}],"curies":[{"name":"wp","href":"https:\/\/api.w.org\/{rel}","templated":true}]}}

<div class="wpb-content-wrapper"><p>[vc_row][vc_column][vc_column_text el_class=&#8221;product-video&#8221;]<strong>Med Abilica WaterDeck kan du njuta av sommaren från din alldeles egna privata flytbrygga!</strong></p>
<p>Abilica WaterDeck är en badplattform och flytbrygga fylld med luft för aktiviteter och nöjen i vattnet. Här får du din alldeles egna privata flytbrygga utan bygglov!<br />
Den är 2 meter lång och 1,5 meter bred, vilket ger gott om plats för solbad och aktivitet för flera personer.</p>
<p>Abilica WaterDeck är tillverkad av massivt DWF-material (Double Wall Fabric) och förstärkt i alla skarvar. Plattformen har 4 gummihandtag placerade på sidan, vilket gör den lätt att flytta runt på land och hålla fast i när man är i vattnet. 4 handtag placerade på ytan gör att du kan dra dig upp ur vattnet när du kliver upp på plattformen. Den är också utformad med 4 metallringar, en i varje hörn för att fästa rep, till exempel med ett ankare eller andra flytande/vattensportprodukter.<br />
Abilica WaterDeck fylls med luft på några minuter med den elektriska pumpen. Lite mer ansträngning krävs med Abilica FootPump.<br />
Pumpen säljs separat. Reparationssats ingår.</p>
<p><strong>Specifikationer</strong><br />
Mått: 2 x 1,5 m (L x B) 15 cm (H)<br />
Handtag: 4 + 4 (sida och yta)<br />
Metallringar: 4<br />
Material: DWF (dubbelväggigt tyg)<br />
Ventil: Bravo AirTrack/SUP-ventil<br />
Fylld med luft<br />
Reparationssats ingår<br />
Produktvikt: ca 10 kg.<br />
Max användarvikt 225 kg</p>
<div style="width: 640px;" class="wp-video"><!--[if lt IE 9]><script>document.createElement('video');</script><![endif]-->
<video class="wp-video-shortcode" id="video-68370-1" width="640" height="360" preload="metadata" controls="controls"><source type="video/mp4" src="https://abilica.com/wp-content/uploads/2025/03/Abilica-WaterDeck-bredde-1.mp4?_=1" /><a href="https://abilica.com/wp-content/uploads/2025/03/Abilica-WaterDeck-bredde-1.mp4">https://abilica.com/wp-content/uploads/2025/03/Abilica-WaterDeck-bredde-1.mp4</a></video></div>
<p>[/vc_column_text][/vc_column][/vc_row][vc_row][vc_column][vc_column_text]</p>
<p>[/vc_column_text][/vc_column][/vc_row][vc_row][vc_column][vc_column_text]</p>
<p>[/vc_column_text][/vc_column][/vc_row][vc_row][vc_column][vc_column_text]</p>
<p>[/vc_column_text][/vc_column][/vc_row][vc_row][vc_column][vc_empty_space][/vc_column][/vc_row]</p>
</div>

<p>[vc_row][vc_column][vc_column_text el_class=&#8221;product-video&#8221;]Med Abilica WaterDeck kan du njuta av sommaren från din alldeles egna privata flytbrygga!&#8230;</p>

<!-- This site is optimized with the Yoast SEO Premium plugin v21.1 (Yoast SEO v25.4) - https://yoast.com/wordpress/plugins/seo/ -->
<title>Abilica WaterDeck Abilica</title>
<meta name="robots" content="index, follow, max-snippet:-1, max-image-preview:large, max-video-preview:-1" />
<link rel="canonical" href="https://abilica.com/sv/kondition/airtracks-2/abilica-waterdeck/" />
<meta property="og:locale" content="sv_SE" />
<meta property="og:type" content="article" />
<meta property="og:title" content="Abilica WaterDeck" />
<meta property="og:description" content="[vc_row][vc_column][vc_column_text el_class=&#8221;product-video&#8221;]Med Abilica WaterDeck kan du njuta av sommaren från din alldeles egna privata flytbrygga!..." />
<meta property="og:url" content="https://abilica.com/sv/kondition/airtracks-2/abilica-waterdeck/" />
<meta property="og:site_name" content="Abilica" />
<meta property="article:publisher" content="https://www.facebook.com/abilicahometraining/" />
<meta property="article:modified_time" content="2025-10-23T10:07:14+00:00" />
<meta property="og:image" content="https://abilica.com/wp-content/uploads/2025/03/374869.jpg" />
	<meta property="og:image:width" content="1200" />
	<meta property="og:image:height" content="1200" />
	<meta property="og:image:type" content="image/jpeg" />
<meta name="twitter:card" content="summary_large_image" />
<meta name="twitter:label1" content="Beräknad lästid" />
	<meta name="twitter:data1" content="2 minuter" />
<script type="application/ld+json" class="yoast-schema-graph">{"@context":"https://schema.org","@graph":[{"@type":"WebPage","@id":"https://abilica.com/sv/kondition/airtracks-2/abilica-waterdeck/","url":"https://abilica.com/sv/kondition/airtracks-2/abilica-waterdeck/","name":"Abilica WaterDeck Abilica","isPartOf":{"@id":"https://abilica.com/#website"},"primaryImageOfPage":{"@id":"https://abilica.com/sv/kondition/airtracks-2/abilica-waterdeck/#primaryimage"},"image":{"@id":"https://abilica.com/sv/kondition/airtracks-2/abilica-waterdeck/#primaryimage"},"thumbnailUrl":"https://abilica.com/wp-content/uploads/2025/03/374869.jpg","datePublished":"2025-03-17T14:07:08+00:00","dateModified":"2025-10-23T10:07:14+00:00","breadcrumb":{"@id":"https://abilica.com/sv/kondition/airtracks-2/abilica-waterdeck/#breadcrumb"},"inLanguage":"sv-SE","potentialAction":[{"@type":"ReadAction","target":["https://abilica.com/sv/kondition/airtracks-2/abilica-waterdeck/"]}]},{"@type":"ImageObject","inLanguage":"sv-SE","@id":"https://abilica.com/sv/kondition/airtracks-2/abilica-waterdeck/#primaryimage","url":"https://abilica.com/wp-content/uploads/2025/03/374869.jpg","contentUrl":"https://abilica.com/wp-content/uploads/2025/03/374869.jpg","width":1200,"height":1200},{"@type":"BreadcrumbList","@id":"https://abilica.com/sv/kondition/airtracks-2/abilica-waterdeck/#breadcrumb","itemListElement":[{"@type":"ListItem","position":1,"name":"Hem","item":"https://abilica.com/sv/"},{"@type":"ListItem","position":2,"name":"Produkter","item":"https://abilica.com/sv/shop/"},{"@type":"ListItem","position":3,"name":"Abilica WaterDeck"}]},{"@type":"WebSite","@id":"https://abilica.com/#website","url":"https://abilica.com/","name":"Abilica","description":"Abilica Home Training","potentialAction":[{"@type":"SearchAction","target":{"@type":"EntryPoint","urlTemplate":"https://abilica.com/?s={search_term_string}"},"query-input":{"@type":"PropertyValueSpecification","valueRequired":true,"valueName":"search_term_string"}}],"inLanguage":"sv-SE"}]}</script>
<!-- / Yoast SEO Premium plugin. -->

[vc_row][vc_column][vc_column_text el_class=&#8221;product-video&#8221;]Med Abilica WaterDeck kan du njuta av sommaren från din alldeles egna privata flytbrygga!...
